7?
7
What is the ten thousands digit of 492987633?
8
What is the thousands digit of 392900985?
0
What is the hundred thousands digit of 60607038?
6
What is the hundreds digit of 74503602?
6
What is the millions digit of 60141900?
0
What is the thousands digit of 37621379?
1
What is the tens digit of 101293841?
4
What is the hundred thousands digit of 475779096?
7
What is the hundreds digit of 113832484?
4
What is the hundred thousands digit of 22419345?
4
What is the thousands digit of 50793542?
3
What is the tens digit of 1283748999?
9
What is the ten millions digit of 7221231826?
2
What is the ten thousands digit of 61954328?
5
What is the hundred millions digit of 241503895?
2
What is the hundred thousands digit of 353795223?
7
What is the tens digit of 78605209?
0
What is the ten thousands digit of 41337620?
3
What is the ten thousands digit of 148324195?
2
What is the units digit of 269702419?
9
What is the millions digit of 47916415?
7
What is the hundreds digit of 3831047627?
6
What is the ten millions digit of 123210802?
2
What is the hundreds digit of 889140781?
7
What is the millions digit of 29391579?
9
What is the hundreds digit of 47815365?
3
What is the hundreds digit of 90197337?
3
What is the hundred thousands digit of 4192898195?
8
What is the units digit of 5886791?
1
What is the hundred millions digit of 475311469?
4
What is the hundreds digit of 134809938?
9
What is the tens digit of 115189070?
7
What is the ten millions digit of 3877562150?
7
What is the tens digit of 159175427?
2
What is the units digit of 151882696?
6
What is the ten millions digit of 1169160657?
6
What is the hundred thousands digit of 3761915020?
9
What is the hundreds digit of 81756136?
1
What is the billions digit of 2679506895?
2
What is the hundred millions digit of 1063848395?
0
What is the hundred millions digit of 419150610?
4
What is the tens digit of 8476665861?
6
What is the ten thousands digit of 1174351756?
5
What is the ten millions digit of 16858793?
1
What is the tens digit of 1693288997?
9
What is the ten millions digit of 182765021?
8
What is the units digit of 42970781?
1
What is the hundred thousands digit of 5302085394?
0
What is the millions digit of 1742557515?
2
What is the millions digit of 57233434?
7
What is the ten thousands digit of 284437047?
3
What is the tens digit of 2124416009?
0
What is the tens digit of 740335283?
8
What is the hundreds digit of 1408476817?
8
What is the tens digit of 715734541?
4
What is the billions digit of 2995155720?
2
What is the hundreds digit of 3280413383?
3
What is the millions digit of 2443515440?
3
What is the ten millions digit of 50448013?
5
What is the thousands digit of 9509538?
9
What is the ten millions digit of 2143243442?
4
What is the ten thousands digit of 609283971?
8
What is the units digit of 215883174?
4
What is the hundreds digit of 4075461870?
8
What is the billions digit of 4024497601?
4
What is the hundred thousands digit of 44070530?
0
What is the billions digit of 3776366051?
3
What is the hundreds digit of 6055859250?
2
What is the hundreds digit of 928515433?
4
What is the billions digit of 1900572195?
1
What is the ten millions digit of 863549373?
6
What is the ten thousands digit of 94556988?
5
What is the thousands digit of 80230842?
0
What is the millions digit of 1239764230?
9
What is the billions digit of 3208886187?
3
What is the units digit of 134291969?
9
What is the hundred thousands digit of 39484519?
4
What is the thousands digit of 134524868?
4
What is the thousands digit of 1257285920?
5
What is the hundred thousands digit of 62577995?
5
What is the tens digit of 190014863?
6
What is the hundreds digit of 77011420?
4
What is the hundreds digit of 46839048?
0
What is the hundred thousands digit of 8401142?
4
What is the ten thousands digit of 40647847?
4
What is the hundred thousands digit of 90505698?
5
What is the tens digit of 634664258?
5
What is the hundreds digit of 91949223?
2
What is the hundred millions digit of 3043074965?
0
What is the thousands digit of 22525132?
5
What is the millions digit of 6419819367?
9
What is the tens digit of 61788465?
6
What is the tens digit of 250561000?
0
What is the tens digit of 172503652?
5
What is the hundred millions digit of 180038254?
1
What is the hundred thousands digit of 817219208?
2
What is the tens digit of 24804331?
3
What is the ten thousands digit of 937682011?
8
What is the tens digit of 8307494?
9
What is the thousands digit of 196672782?
2
What is the units digit of 4273833283?
3
What is the units digit of 952554820?
0
What is the hundreds digit of 825834689?
6
What is the hundred thousands digit of 127842644?
8
What is the hundreds digit of 197808537?
5
What is the tens digit of 345017579?
7
What is the hundred thousands digit of 122649584?
6
What is the ten millions digit of 170510933?
7
What is the units digit of 4353181500?
0
What is the millions digit of 167651709?
7
What is the hundreds digit of 16813223?
2
What is the units digit of 46634724?
4
What is the hundred millions digit of 214001295?
2
What is the hundreds digit of 257341707?
7
What is the millions digit of 533419770?
3
What is the thousands digit of 1372536520?
6
What is the hundreds digit of 4632328807?
8
What is the millions digit of 201355571?
1
What is the ten millions digit of 2737428072?
3
What is the hundreds digit of 27501062?
0
What is the ten thousands digit of 699594202?
9
What is the hundreds digit of 651214872?
8
What is the millions digit of 90364379?
0
What is the billions digit of 1721121698?
1
What is the tens digit of 29689141?
4
What is the thousands digit of 21247308?
7
What is the millions digit of 31456068?
1
What is the tens digit of 152673005?
0
What is the tens digit of 243299331?
3
What is the hundred thousands digit of 213118921?
1
What is the units digit of 9647755734?
4
What is the millions digit of 5063314554?
3
What is the ten thousands digit of 63186628?
8
What is the tens digit of 156642941?
4
What is the hundreds digit of 73072631?
6
What is the hundreds digit of 79332148?
1
What is the tens digit of 430583430?
3
What is the millions digit of 239650655?
9
What is the units digit of 2610616906?
6
What is the tens digit of 531994400?
0
What is the hundred thousands digit of 98725446?
7
What is the hundred thousands digit of 1348509111?
5
What is the thousands digit of 100188083?
8
What is the units digit of 303270330?
0
What is the millions digit of 29911838?
9
What is the hundred millions digit of 332574736?
3
What is the hundreds digit of 29594961?
9
What is the hundred thousands digit of 399518155?
5
What is the millions digit of 4899296890?
9
What is the hundred thousands digit of 241773757?
7
What is the ten thousands digit of 33626954?
2
What is the tens digit of 102759706?
0
What is the units digit of 44930300?
0
What is the thousands digit of 86076453?
6
What is the ten millions digit of 23170367?
2
What is the hundreds digit of 58330563?
5
What is the millions digit of 2582224860?
2
What is the thousands digit of 2409703726?
3
What is the tens digit of 13452580?
8
What is the units digit of 5132597210?
0
What is the ten thousands digit of 127625454?
2
What is the ten thousands digit of 118525416?
2
What is the thousands digit of 876825775?
5
What is the hundred millions digit of 3657005864?
6
What is the millions digit of 162140193?
2
What is the hundreds digit of 16439334?
3
What is the ten thousands digit of 44045007?
4
What is the ten thousands digit of 36049133?
4
What is the millions digit of 5030760?
5
What is the hundreds digit of 46631412?
4
What is the hundred millions digit of 638430539?
6
What is the hundreds digit of 2030100862?
8
What is the ten thousands digit of 62198189?
9
What is the units digit of 178911820?
0
What is the units digit of 81936490?
0
What is the ten millions digit of 253801379?
5
What is the tens digit of 746913408?
0
What is the hundreds digit of 1682910972?
9
What is the hundred millions digit of 2004680312?
0
What is the units digit of 173934053?
3
What is the ten thousands digit of 79499955?
9
What is the millions digit of 16956082?
6
What is the hundreds digit of 4622870?
8
What is the millions digit of 4230711314?
0
What is the millions digit of 